se -t*j + 18 = 3. What is the units digit of j?
3
Suppose 10*q - 2*q = -q. Suppose -z - z = -x + 726, q = 5*x - 5*z - 3645. What is the tens digit of x?
3
Let s(d) = -27*d + 3. Let p be s(0). Let n = -115 + 168. Suppose -n = -p*m + 178. What is the units digit of m?
7
Suppose -4*f + 676 + 240 = -4*w, 5*w = -2*f + 493. Suppose -4*o = -10*o + f. Let l = -31 + o. What is the units digit of l?
8
Let g(j) = 3003*j - 1241. What is the ten thousands digit of g(4)?
1
What is the hundreds digit of (-11)/(-4)*(-2 - 28)*27560/(-318)?
1
Suppose -2*r = 15*r - 30*r + 216463. What is the units digit of r?
1
Let n(j) be the first derivative of 2*j**3/3 + 3*j**2 + 11*j + 6040. Let v be 2*2/(-4)*-9. What is the tens digit of n(v)?
2
What is the thousands digit of 14/2*(919156/196 + -20)?
2
Suppose 0 = -34*g - 117*g + 1367305. What is the thousands digit of g?
9
Suppose 4*z + 4*r - 57928 = 0, -5*z + 43449 = -2*z + 2*r. What is the units digit of z?
5
Let q(p) be the third derivative of 1/24*p**4 + 0*p - 22*p**2 + 0 + 1/3*p**3. What is the units digit of q(2)?
4
Let u(d) = 25*d**2 + 1483*d + 147. What is the hundreds digit of u(-75)?
5
Suppose 7*p - 2*p = 5*h - 223685, -3*h = 6*p - 134211. What is the units digit of h?
7
Let i be (-1)/6 + ((-37675)/(-30))/5. Suppose i = -7*v + 7657. Suppose -2*j + 209 = c, -5*c + 3*j = -0*c - v. What is the units digit of c?
1
Let c = -221 + 225. Suppose r - 736 = -5*d - 0*d, 0 = -c*d. What is the units digit of r?
6
What is the hundreds digit of (8/60 - (-320)/(-150)) + 11886?
8
Let q(m) = -3*m**2 - m. Let p be q(0). Suppose r - 7*r - 42 = p. Let j = r - -58. What is the tens digit of j?
5
Suppose 13 + 18 = 4*o + r, 4*r = 3*o - 9. Suppose o*m + m = 2224. Suppose 42 = 5*v - m. What is the units digit of v?
4
Let j = 1562 - 884. What is the tens digit of -4 - (3 + -1)*j/(-4)?
3
Let u = 32 + 15. Let y(m) = 4*m**3 + 3*m**2 - 5*m + 8. Let c be y(2). Let o = u - c. What is the units digit of o?
5
Suppose -360*r = -361*r + 613. Let y = r - 151. What is the hundreds digit of y?
4
Let j = -17 - -26. Let g(h) = h + 15. Let u be g(j). Suppose 27*w = u*w + 114. What is the tens digit of w?
3
Let r be 20/(-110) + (-134)/(-11). Let f(v) = -v**3 + 11*v**2 + 11*v + 10. Let j be f(r). Let z = 70 - j. What is the units digit of z?
2
Let u be (7 - 44/12)/((-4)/(-6)). Suppose u*q + 0*q - 2*w - 800 = 0, 5*q = -3*w + 775. What is the hundreds digit of q?
1
Let m(s) = 9*s**2 - 97*s + 405. What is the thousands digit of m(66)?
3
Let o(c) = -c + c + 2*c - 4*c + 21. Let b be o(7). Let f = b + 17. What is the units digit of f?
4
Let z = 12206 - 11466. What is the tens digit of z?
4
Let z(c) = 131*c + 4. Let l be z(16). Suppose -10*w + 5*w + l = 0. Suppose 0 = -7*u + 11*u - w. What is the tens digit of u?
0
Suppose n + 4*i - 3390 - 3661 = 0, -2*i = 10. What is the hundreds digit of n?
0
Suppose -5*b + 4*w - 41 = 0, -4*b - 9 - 28 = w. Let p = 34 + b. Suppose p*t - 72 = 21*t. What is the units digit of t?
8
Let i = 19442 + -5511. What is the thousands digit of i?
3
Suppose -34839 + 23887 = 23*j - 264872. What is the hundreds digit of j?
0
Suppose 2*s + 43594 = 4*k + 5700, -9*s - 28413 = -3*k. What is the hundreds digit of k?
4
Suppose -3*q = -3*d - 201, 2*q - 204 + 86 = -2*d. What is the hundreds digit of (80/(-18) - (-28)/q) + 184?
1
Suppose 4747 = k - 5*m, -23623 = -5*k - 26*m + 23*m. What is the units digit of k?
7
Suppose 5*h = -711 + 3351. Suppose 2*b + b = -h. Let x = 258 + b. What is the units digit of x?
2
What is the hundreds digit of ((-156632)/(-20))/(12/15)*6/3?
5
Suppose 237310 = 5*d - q, 0 = 316*d - 316*d + 5*q. What is the thousands digit of d?
7
Let b = 38 + -44. Let c be 422 - (-4)/2 - 0/b. Suppose 3*f = -2*o + 157, 3*o = -2*o + 3*f + c. What is the tens digit of o?
8
Suppose 0 = -712*i + 710*i - 28. Let b(a) = -4*a**2 - 6*a + 27. Let g(u) = 5*u**2 + 5*u - 28. Let h(c) = -4*b(c) - 3*g(c). What is the units digit of h(i)?
6
Suppose -103*t - 165*t + 1042520 = 0. What is the units digit of t?
0
Let y be 9*((-256)/(-60))/((-4)/10). What is the units digit of 2 - (-11)/((-294)/y - 3)?
8
Suppose 0 = h + 41*r - 44*r - 4657, -5*h + 4*r = -23219. What is the tens digit of h?
3
Let y = 625 + 325. Suppose -7*j - 4*b + 445 = -6*j, 4*b + y = 2*j. What is the hundreds digit of j?
4
What is the units digit of (-144)/(-36) + 2*(8184 - 4)?
4
Let m = -320 - -628. Suppose -1533 = -5*w - m. What is the hundreds digit of w?
2
Let j(s) = 2*s + 1. Let c(d) = -19*d + 6. Let f(k) = c(k) - j(k). What is the tens digit of f(-2)?
4
Let a(g) = -35183*g + 1146. What is the ten thousands digit of a(-1)?
3
Let l = -15816 + 24896. What is the hundreds digit of l?
0
Let o be -5 - -21 - -67560 - 5/1. Suppose 56*z - o = 7*z. What is the tens digit of z?
7
Let g be (44 + -43)/(1/5). Suppose -4*v + 3*z = -2957 + 1219, -2178 = -g*v + z. What is the hundreds digit of v?
4
Let u(w) = w**3 + 10*w**2 - 12*w - 10. Let y be u(-11). Let j be (y - -1)/((-182)/178 - -1). Let r = j - -179. What is the tens digit of r?
9
Let i(m) = -m**3 - 9*m**2 + 8*m - 11. Suppose 2*g + 3*g = 3*l + 35, 4*l + 4*g = -36. Let u be i(l). Suppose 111 = u*c - 573. What is the units digit of c?
6
Let l(i) = i**2 - 29*i + 60. Suppose -5*f + 156 = 3*o, -3*f + 82 + 8 = 3*o. What is the tens digit of l(f)?
9
What is the units digit of (-2 - (54/(-9) - -18))/((-8)/12972)?
1
Let d = -6777 - -26460. What is the ten thousands digit of d?
1
Let z = -27 - -30. Suppose -5*i + 7*y - 2*y = -155, i - z*y = 41. What is the tens digit of 338/4 + 13/i?
8
Suppose -31 = 2*y + 73. Let t = y - -274. What is the tens digit of t?
2
Let y(l) = -2690*l + 239. What is the tens digit of y(-2)?
1
Let g(m) be the third derivative of -m**6/120 - m**5/60 + m**4/24 + 10*m**3 - m**2. Let l = -3415 + 3415. What is the tens digit of g(l)?
6
Suppose -3*c + x - 45 = 598, 2*c + 426 = 2*x. Let s be 4/(-28) - 5504/(-14). Let i = s + c. What is the hundreds digit of i?
1
What is the units digit of (-13)/((-52)/(-3126))*-22?
3
Let i = 32 + 51. Let h = 69 - i. Let v = h + 278. What is the tens digit of v?
6
Let p(g) be the third derivative of -19*g**6/24 - g**5/30 - 7*g**4/24 - 7*g**3/6 - 8*g**2 + 3. What is the hundreds digit of p(-2)?
7
Let c be 4*2/(-12) - (-40184)/12. Suppose -876 = 4*z - c. Suppose m - i - 198 = 0, 0*i = -3*m - 5*i + z. What is the tens digit of m?
0
Suppose -5*s = -1 + 151. What is the units digit of (-6)/s - (-8528)/10?
3
Let n = 8149 + -4964. What is the tens digit of n?
8
Let s = -166 - -169. Suppose -s*j + 2*f = -854, -11*f = -4*j - 6*f + 1134. What is the units digit of j?
6
Let y(b) = 19*b + 61. Let r be y(8). Let h = r + -321. Let m = 120 + h. What is the tens digit of m?
1
Suppose 0 = -17*l + 55206 - 1231. What is the hundreds digit of l?
1
Suppose -77*l - 11276 = -78*l + 4*f, -56476 = -5*l + 4*f. What is the thousands digit of l?
1
Let v be 150/(-25) - (-30)/3. Suppose 5*p + 255 = 5*q, -2*q + 8*p + 94 = v*p. What is the tens digit of q?
5
Suppose 2*w - 6*w + 28318 = 3*c, 5*c + 28270 = 4*w. What is the units digit of w?
5
Let g = 47 + -48. Let f be ((-1)/(-2) - g)*74. Suppose f + 381 = 4*y. What is the units digit of y?
3
Let l = -94 + 341. Suppose -5*s = -4*s - l. Suppose 0 = 3*u + 5*n - s, -2*u - 5*n + 77 + 91 = 0. What is the tens digit of u?
7
Suppose 4*h = -3*n - 0*n + 2955, -1450 = -2*h + 4*n. Suppose 0*g + 3*g + h = x, -5*g - 1475 = -2*x. What is the hundreds digit of x?
7
Suppose -29 + 9 = -v + 5*z, -4*z = -3*v + 16. Suppose -8*i + 1871 + 1945 = v. What is the hundreds digit of i?
4
Suppose 93*n - 47*n = 610006. What is the ten thousands digit of n?
1
Suppose 641116 = 355*p - 1485321 - 762198. What is the thousands digit of p?
8
Let r = -159 - -175. Suppose 4*u = -4 + r, -s + 3*u = -948. What is the units digit of s?
7
Let v(s) = -57*s**3 + 129*s**2 + 4*s + 19. What is the hundreds digit of v(-6)?
9
Let z(g) = 5*g**2 + 9*g - 4. Let l be z(-8). Suppose 17*r - l - 113 = 0. What is the tens digit of r?
2
Let l be 5 + 103*-4 + 1. Let w = 666 + l. What is the units digit of w?
0
Suppose -4*f = z + 105, 4*z = 2*f - 0*f + 30. Let l = 116 + f. What is the units digit of l?
1
Let w = -2127 - -3264. What is the hundreds digit of w?
1
Suppose -930 = -5*j + 1615. What is the units digit of j?
9
Let a = 421 - 613. Let h = a